vide 498195?
False
Does 182 divide 79716?
True
Is 1113 a factor of 1233486?
False
Is 6 a factor of 317932?
False
Does 71 divide 22522?
False
Is 138964 a multiple of 98?
True
Is 450 a factor of 9297000?
True
Does 27 divide 1528207?
False
Does 43 divide 237661?
True
Does 179 divide 476367?
False
Is 14 a factor of 3004316?
True
Is 28789 a multiple of 448?
False
Is 18 a factor of 598357?
False
Is 160202 a multiple of 30?
False
Is 2 a factor of 852499?
False
Does 375 divide 425250?
True
Is 741222 a multiple of 22?
False
Does 4 divide 83508?
True
Does 64 divide 369225?
False
Does 56 divide 406280?
True
Is 537 a factor of 106307?
False
Is 806 a multiple of 2?
True
Is 73 a factor of 216810?
True
Is 230507 a multiple of 21?
False
Is 108299 a multiple of 20?
False
Is 12 a factor of 2758292?
False
Is 25 a factor of 333435?
False
Is 8875451 a multiple of 17?
False
Is 73 a factor of 8357617?
False
Does 57 divide 112119?
True
Does 72 divide 1662048?
True
Is 3015962 a multiple of 419?
True
Is 631204 a multiple of 14?
True
Is 15 a factor of 74994?
False
Is 89 a factor of 3295848?
True
Is 6 a factor of 535932?
True
Does 33 divide 154836?
True
Is 6 a factor of 119550?
True
Is 11 a factor of 97917?
False
Is 56 a factor of 4878306?
False
Is 157 a factor of 210558?
False
Is 7 a factor of 225665?
False
Is 627094 a multiple of 5?
False
Is 2903411 a multiple of 499?
False
Is 13 a factor of 4021446?
True
Is 297 a factor of 158598?
True
Does 10 divide 100587?
False
Does 23 divide 9877718?
True
Is 3 a factor of 5229?
True
Is 138996 a multiple of 286?
True
Does 10 divide 361380?
True
Is 185 a factor of 68635?
True
Does 616 divide 5288310?
False
Does 311 divide 8710118?
False
Does 161 divide 235331?
False
Is 4313934 a multiple of 1082?
True
Does 61 divide 11407?
True
Is 81843 a multiple of 26?
False
Is 12 a factor of 18324?
True
Does 228 divide 12686219?
False
Is 4774332 a multiple of 74?
True
Is 73 a factor of 111982?
True
Is 35 a factor of 903070?
True
Does 7 divide 52882?
False
Is 320082 a multiple of 10?
False
Is 798923 a multiple of 481?
False
Does 159 divide 161703?
True
Does 4 divide 4820042?
False
Is 125 a factor of 1908024?
False
Is 321147 a multiple of 17?
True
Does 60 divide 159946?
False
Is 73 a factor of 11319?
False
Is 142968 a multiple of 28?
True
Does 162 divide 1823385?
False
Does 186 divide 5598600?
True
Is 239912 a multiple of 4?
True
Is 245 a factor of 59630?
False
Is 4493660 a multiple of 608?
False
Is 25 a factor of 246925?
True
Is 341075 a multiple of 175?
True
Is 444570 a multiple of 219?
True
Does 120 divide 357360?
True
Is 158235 a multiple of 11?
True
Is 28 a factor of 559020?
True
Does 322 divide 749294?
True
Is 18 a factor of 31436?
False
Does 10 divide 18800?
True
Is 1473525 a multiple of 603?
False
Is 1090 a factor of 9350020?
True
Does 11 divide 11966855?
False
Is 84560 a multiple of 604?
True
Is 34057872 a multiple of 46?
False
Is 1132086 a multiple of 248?
False
Does 67 divide 4268436?
True
Is 353 a factor of 54009?
True
Does 222 divide 10946820?
True
Is 59094 a multiple of 21?
True
Is 829588 a multiple of 157?
True
Is 4558 a multiple of 12?
False
Is 124 a factor of 4738523?
False
Is 1133378 a multiple of 8?
False
Does 65 divide 486936?
False
Is 43 a factor of 798711?
False
Does 12 divide 10444757?
False
Is 1228247 a multiple of 18?
False
Does 24 divide 5785944?
True
Is 578048 even?
True
Does 6 divide 133993?
False
Is 609054 a multiple of 249?
True
Is 4376288 a multiple of 1020?
False
Does 86 divide 371434?
True
Is 183 a factor of 5057561?
False
Is 110 a factor of 72930?
True
Is 50 a factor of 9550?
True
Is 178 a factor of 201318?
True
Is 2453240 a multiple of 8?
True
Is 268650 a multiple of 150?
True
Is 80 a factor of 1413089?
False
Does 8 divide 71280?
True
Does 42 divide 72324?
True
Is 5177430 a multiple of 6?
True
Does 592 divide 147589?
False
Does 213 divide 2880046?
False
Does 178 divide 74226?
True
Is 67392 a multiple of 146?
False
Is 16 a factor of 245820?
False
Is 804936 a multiple of 11?
True
Is 55 a factor of 246149?
False
Is 516458 a multiple of 110?
False
Does 184 divide 2410952?
True
Is 2690206 a multiple of 354?
False
Does 46 divide 540448?
False
Is 18 a factor of 10022310?
True
Is 328 a factor of 495390?
False
Is 60990 a multiple of 5?
True
Is 20324 a multiple of 4?
True
Does 80 divide 5361561?
False
Is 180060 a multiple of 20?
True
Does 22 divide 479312?
False
Does 41 divide 2230359?
True
Does 3 divide 748658?
False
Does 41 divide 267415?
False
Is 136 a factor of 210883?
False
Does 1050 divide 1213047?
False
Does 19 divide 49448?
False
Is 65 a factor of 8378041?
False
Is 87 a factor of 173567?
False
Does 5 divide 196840?
True
Is 131100 a multiple of 12?
True
Is 5248691 a multiple of 2?
False
Is 1740290 a multiple of 29?
True
Is 2846283 a multiple of 12?
False
Is 5443444 a multiple of 14?
False
Is 24 a factor of 1501008?
True
Is 34358635 a multiple of 35?
False
Is 452845 a multiple of 205?
True
Is 19 a factor of 98386?
False
Is 3939852 a multiple of 357?
True
Does 146 divide 4721406?
False
Is 667894 a multiple of 13?
False
Is 35 a factor of 951405?
True
Is 343 a factor of 296352?
True
Is 679403 a multiple of 89?
False
Is 92055 a multiple of 14?
False
Does 125 divide 37916?
False
Is 561339 a multiple of 9?
True
Does 250 divide 1011750?
True
Does 342 divide 1336259?
False
Is 306 a factor of 37638?
True
Is 414624 a multiple of 336?
True
Is 87 a factor of 9417125?
False
Is 409836 a multiple of 429?
False
Is 156551 a multiple of 77?
False
Does 501 divide 240579?
False
Is 172 a factor of 14967956?
True
Is 582465 a multiple of 195?
True
Is 2076130 a multiple of 266?
True
Is 30 a factor of 1192120?
False
Is 94829 a multiple of 23?
True
Is 341049 a multiple of 53?
False
Does 135 divide 4702455?
True
Is 786 a factor of 221652?
True
Does 46 divide 36571?
False
Is 915405 a multiple of 104?
False
Is 19 a factor of 6117031?
True
Is 69006 a multiple of 106?
True
Does 11 divide 41096?
True
Is 526 a factor of 1312370?
True
Is 57 a factor of 767719?
False
Is 151 a factor of 678594?
True
Is 23 a factor of 172224?
True
Is 1402024 a multiple of 13?
True
Is 10075836 a multiple of 93?
False
Does 8 divide 522280?
True
Is 436280 a multiple of 13?
True
Does 104 divide 192192?
True
Does 7 divide 17469?
False
Is 918080 a multiple of 2?
True
Is 31 a factor of 1451493?
False
Is 9 a factor of 14468751?
True
Is 47415 a multiple of 133?
False
Is 236026 a multiple of 23?
True
Is 7122765 a multiple of 65?
True
Is 314548 a multiple of 22?
False
Does 30 divide 867259?
False
Is 20 a factor of 6335180?
True
Is 839 a factor of 3568901?
False
Does 1259 divide 14781919?
True
Is 14 a factor of 33950?
True
Is 1059462 a multiple of 74?
False
Does 3 divide 276848?
False
Is 4025 a multiple of 6?
False
Does 7 divide 104972?
True
Is 19 a factor of 304800?
False
Is 10664582 a multiple of 33?
False
Is 5749 even?
False
Does 1163 divide 3543490?
False
Is 1896378 a multiple of 59?
True
Does 296 divide 2984088?
False
Is 92736 a multiple of 63?
True
Does 32 divide 157255?
False
Is 327000 a multiple of 200?
True
Is 107943 a multiple of 2?
False
Is 3885600 a multiple of 40?
True
Is 55 a factor of 538175?
True
Is 576 a factor of 145728?
True
Is 1150 a factor of 1735350?
True
Is 365 a factor of 30295?
True
Is 19 a factor of 342019?
True
Does 10 divide 253539?
False
Does 612 divide 1217268?
True
Does 84 divide 286440?
True
Is 1966880 a multiple of 95?
True
Does 725 divide 3586575?
True
Is 15 a factor of 277740?
True
Is 26 a factor of 7842833?
False
Does 20 divide 196004?
False
Is 25 a factor of 4604625?
True
Does 848 divide 11228145?
False
Does 174 divide 785863?
False
Is 11325651 a multiple of 113?
True
Is 132256 a multiple of 25?
False
Does 19 divide 167808?
True
Is 426 a factor of 833131?
False
Is 65417 a multiple of 27?
False
Is 17 a factor of 479914?
False
Does 457 divide 573078?
True
Is 81 a factor of 151470?
True
Does 16 divide 704560?
True
Is 156419 a multiple of 20?
False
Is 68 a factor of 6726288?
True
Is 104 a factor of 909064?
True
Is 858792 a multiple of 80?
False
Is 46034 a multiple of 19?
False
Is 284 a factor of 1089923?
False
Is 91 a factor of 275275?
True
Is 58968 a multiple of 216?
True
Is 1673 a factor of 11195716?
True
Is 1293292 a multiple of 19?
True
Is 2